f) = -13*f - 78. Determine l(-6).
0
Let b(u) = u**3 - 2*u**2 - 19*u - 20. Give b(6).
10
Let h(r) = -r**3 - 9*r**2 - 20*r - 2. Give h(-3).
4
Let u(f) = 2*f**3 - 3*f**2 - 4*f + 23. Determine u(3).
38
Let r(o) = 3*o - 11. What is r(5)?
4
Let o(i) = -7*i**3 + i**2 + i - 1. Give o(-1).
6
Let p(h) = h**2 + 48*h - 446. What is p(8)?
2
Let h(c) = 2*c**3 - c**2 - 2*c - 4. Calculate h(0).
-4
Let t(f) = -f - 3. Calculate t(0).
-3
Let f(h) = h - 4. Give f(6).
2
Let x(f) = f**3 + 6*f**2 + 2*f - 2. Determine x(-2).
10
Let c(a) = -a**3 - 9*a**2 + 10*a - 1. Determine c(-10).
-1
Let s(y) = -2*y + 6. Calculate s(-5).
16
Let x(h) = -150*h**2 + h - 2. Determine x(1).
-151
Let u(h) = 17*h - 43. Give u(2).
-9
Let y(q) = 3*q**3 - q. Calculate y(-1).
-2
Let q(t) = 7*t - 188. Determine q(27).
1
Let t(s) = 18*s + 139. Determine t(-8).
-5
Let h(q) = 26*q - 129. What is h(5)?
1
Let t(w) = 4*w - 5. What is t(-6)?
-29
Let p(y) = y - 3. Determine p(9).
6
Let i(m) = m**2 + 16*m + 5. What is i(-15)?
-10
Let a(s) = -s**2 + 28*s + 3. What is a(0)?
3
Let x(h) = 2*h**2 - 3*h + 8. Determine x(-5).
73
Let d(y) = -2*y**2 - 20*y - 42. Give d(-7).
0
Let p(y) = -11*y**3 - y. What is p(-1)?
12
Let d(c) = 3*c - 9. What is d(4)?
3
Let q(n) = n**3 - 22*n**2 + 26*n - 111. Give q(21).
-6
Let a(h) = -36*h**2. Calculate a(1).
-36
Let l(i) = i**3 - 12*i**2 + 27*i - 26. Give l(9).
-26
Let b(s) = -s**2 + 4*s - 5. What is b(5)?
-10
Let q(s) = -12*s - 19. Calculate q(-2).
5
Let t(u) = u**3 + 16*u**2 - 2*u - 15. Give t(-16).
17
Let l(d) = -d**2 - 9. Calculate l(-4).
-25
Let w(i) = -i**3 - i**2 - i - 30. What is w(0)?
-30
Let n(j) = -2*j - 6. Calculate n(-13).
20
Let c(u) = u - 13. Determine c(15).
2
Let r(i) = -i**2 + 18*i - 11. Calculate r(20).
-51
Let o(u) = -u**2 - 8*u - 6. What is o(-6)?
6
Let u(d) = d**2 - 7*d + 14. Give u(6).
8
Let y(q) = -2*q**3 + q**2 - 4*q. What is y(2)?
-20
Let u(f) = 2*f**2 + 13*f + 5. Determine u(-9).
50
Let b(h) = -h**3 - 7*h**2 + h - 6. Determine b(-6).
-48
Let v(p) = -3*p**2 + 64*p - 87. What is v(20)?
-7
Let j(c) = 7*c - 69. Give j(9).
-6
Let x(c) = c**2 - 18*c + 5. What is x(17)?
-12
Let p(t) = -4*t - 69. Determine p(-16).
-5
Let r(k) = -3*k**2 + 2*k + 1. Calculate r(-2).
-15
Let k(b) = b**3 + 7*b**2 + 30*b + 67. Determine k(-4).
-5
Let k(q) = -q**3 - 12*q**2 - 11*q + 6. Give k(-11).
6
Let s(u) = -13*u + 572. What is s(43)?
13
Let d(o) = -o**3 + 4*o**2 + 12*o + 18. Determine d(6).
18
Let v(w) = -24*w**2 - 1. Calculate v(2).
-97
Let o(g) = 14*g + 95. Calculate o(-10).
-45
Let n(t) = -2*t**2 - 68*t - 530. What is n(-12)?
-2
Let h(m) = -m**3 - 6*m**2 - 5*m - 9. Determine h(-5).
-9
Let f(r) = -r**3 - 14*r**2 - 12*r + 12. Calculate f(-13).
-1
Let x(o) = -o - 4. Determine x(-8).
4
Let y(p) = -5*p + 17. Give y(8).
-23
Let r(w) = 4*w**2 - 30*w - 36. Determine r(8).
-20
Let q(p) = p**2 + 4*p - 4. Give q(-4).
-4
Let w(f) = -4*f - 40. Give w(-24).
56
Let r(j) = -j**2 + 10*j - 18. Calculate r(8).
-2
Let r(y) = 7*y**2 - 6*y + 2. What is r(3)?
47
Let b(w) = -w**3 + 29*w**2 + 32*w - 63. Determine b(30).
-3
Let w(m) = -5*m**2 - 3*m. What is w(-2)?
-14
Let w(b) = -b**2 - 5*b + 6. Determine w(-5).
6
Let t(x) = 2*x**2 - 34*x + 1. Calculate t(17).
1
Let z(o) = o + 2. Give z(-1).
1
Let x(s) = -60*s + 419. Give x(7).
-1
Let j(o) = o**2 + 3*o + 3. Calculate j(-3).
3
Let i(m) = m**3 + 13*m**2 - 7*m + 30. Give i(-13).
121
Let j(a) = 7*a - 7. What is j(0)?
-7
Let h(g) = -g**2 + 13*g - 37. Give h(4).
-1
Let u(b) = b - 1. Determine u(-4).
-5
Let q(u) = -4*u + 103. Give q(28).
-9
Let o(j) = 7*j - 3. Determine o(-2).
-17
Let x(t) = -10*t + 9. Give x(2).
-11
Let l(f) = f**2 + 2*f + 3. Calculate l(-1).
2
Let d(p) = -p**3 + 7*p**2 - 6*p + 3. Calculate d(6).
3
Let z(g) = 26*g**3 + g**2 - g + 1. Determine z(1).
27
Let r(b) = -3*b**3 + 3*b**2 + 3*b + 3. Calculate r(-2).
33
Let a(s) = -3*s**3 - s**2 - 8*s - 22. Calculate a(-2).
14
Let v(i) = -9*i - 18. Calculate v(6).
-72
Let b(y) = y**3 - 21*y**2 + y - 13. Give b(21).
8
Let l(f) = -2*f**3 + 48*f**2 - f + 25. Give l(24).
1
Let f(j) = -10*j**3 + 2*j**2 + j. Give f(-1).
11
Let a(h) = h + 4. Give a(19).
23
Let c(o) = 10*o**2 + 6*o - 2. Determine c(-2).
26
Let j(f) = -f**2 + 10*f + 46. Determine j(13).
7
Let u(j) = j + 10. Calculate u(-8).
2
Let o(c) = c + 4. Calculate o(9).
13
Let m(y) = y**3 + 8*y**2 + 17*y + 12. What is m(-5)?
2
Let g(x) = 4*x + 52. What is g(-16)?
-12
Let c(v) = v**3 + 3*v**2 - 8*v - 4. Give c(-4).
12
Let s(i) = -2*i**3 + 11*i**2 + 16*i - 9. What is s(7)?
-44
Let w(d) = 17*d + 42. Calculate w(-2).
8
Let y(q) = q**3 - 18*q**2 - 6*q + 112. Calculate y(18).
4
Let q(w) = -w**3 - 11*w**2 - 8*w. Give q(-10).
-20
Let x(l) = 2*l - 5. What is x(5)?
5
Let n(r) = r**3 - 14*r**2 - r - 3. Calculate n(14).
-17
Let q(o) = o**3 + 26*o**2 - 17. Calculate q(-26).
-17
Let n(r) = 173*r - 352. Determine n(2).
-6
Let b(g) = g**2 - 15*g - 48. What is b(18)?
6
Let k(l) = -l**2 + 3*l - 2. What is k(5)?
-12
Let q(k) = -4*k**2 - 2*k - 3. Determine q(-3).
-33
Let o(j) = j**2 + 5*j - 1. Calculate o(-9).
35
Let q(j) = j**2 - 17*j + 1. Determine q(7).
-69
Let d(u) = u**3 + 2*u**2 - 3*u - 1. What is d(2)?
9
Let j(o) = o**3 + 26*o**2 - 27*o - 9. What is j(-27)?
-9
Let u(x) = x + 24. Calculate u(14).
38
Let c(n) = -n**2 + 5*n + 5. Give c(3).
11
Let p(s) = -2*s**2 + 12*s + 7. Give p(7).
-7
Let p(n) = -4*n**2 - 5*n + 5. What is p(2)?
-21
Let x(t) = 2*t - 15. Calculate x(11).
7
Let l(h) = 16*h - 16. Give l(1).
0
Let y(u) = 6*u - 111. Give y(19).
3
Let l(u) = u + 38. What is l(-33)?
5
Let j(s) = 3*s + 112. Determine j(-35).
7
Let l(b) = -7*b**2 - 17*b + 17. Calculate l(1).
-7
Let y(l) = -l**2 + 19*l - 88. Give y(11).
0
Let k(v) = -v**3 - 4*v**2 + 3*v + 1. Determine k(-6).
55
Let h(s) = -18*s**3 + 2*s + 1. What is h(-1)?
17
Let h(m) = -11*m**2 + m + 6. What is h(1)?
-4
Let p(l) = l**2 - 22*l + 26. What is p(21)?
5
Let l(p) = 4*p - 28. Determine l(0).
-28
Let n(w) = -w**3 + 3*w + 5. Give n(0).
5
Let c(v) = -v**2 + v. Calculate c(3).
-6
Let n(j) = -j**2 - 2*j + 5. Calculate n(2).
-3
Let z(k) = k + 20. Determine z(0).
20
Let c(g) = g**2 - 7*g - 10. Give c(7).
-10
Let r(g) = -3*g**2 + 5*g + 2. What is r(4)?
-26
Let t(h) = 58*h**2 - 6*h - 5. Calculate t(-1).
59
Let k(n) = 11*n + 7. Calculate k(4).
51
Let w(p) = -p**2 + 1. Determine w(-2).
-3
Let a(b) = -b - 29. What is a(-23)?
-6
Let w(x) = x**2 + 17*x - 143. Give w(6).
-5
Let p(r) = -r**2 - 5*r + 40. What is p(-9)?
4
Let t(f) = f**3 + 12*f**2 - 11*f + 5. Determine t(-13).
-21
Let u(r) = r**2 - 10*r - 8. Give u(9).
-17
Let b(d) = 6*d - 45. Determine b(6).
-9
Let m(z) = -3*z**2 - 28*z - 8. Calculate m(-8).
24
Let d(z) = -z**3 - 12*z**2 + 15*z + 14. What is d(-13)?
-12
Let f(y) = -y**2 + 25*y + 23. What is f(27)?
-31
Let g(n) = -2*n**2 - 15*n + 24. Give g(-8).
16
Let l(x) = x**3 + 3*x**2 - 3*x + 1. Give l(2).
15
Let n(r) = -r**3 + r**2 + 5*r + 7. Determine n(5).
-68
Let k(v) = -3*v**3 + v**2 - v. Determine k(-1).
5
Let p(x) = -4*x + 29. What is p(12)?
-19
Let t(i) = -i**2 + i + 37. Determine t(-8).
-35
Let o(s) = s**3 - 8*s + 8. Give o(1).
1
Let p(g) = 4*g + 7. Give p(-4).
-9
Let l(j) = -j + 2. Give l(7).
-5
Let j(v) = 3*v + 4. Give j(2).
10
Let q(f) = -13*f + 63. Calculate q(5).
-2
Let i(j) = 105*j**2 - 6*j - 5. Determine i(-1).
106
Let a(o) = 33*o + 6. Determine a(-2).
-60
Let k(b) = 20*b**3 - b**2 + 2*b - 1. Calculate k(1).
20
Let x(l) = 37*l**3 + l**2. Determine x(1).
38
Let i(h) = -h**2 + 28*h - 72. What is i(25)?
3
Let k(q) = 7*q**3 + q**2 - 2. What is k(-2)?
-54
Let f(q) = 6*q**2 - 15*q + 1. What is f(2)?
-5
Let y(h) = -7*h + 3. What is y(2)?
-11
Let u(p) = p**2 + 44*p + 133. Calculate u(-41).
10
Let j(z) = -z**3 - 4*z**2 + 4*z + 3. Give j(-5).
8
Let f(s) = 5*s**2 + s + 2. Calculate f(-2).
20
Let w(j) = j + 3. Determine w(-3).
0
Let x(o) = 31*o - 32. Determine x(4).
92
Let q(w) = w + 9. What is q(-13)?
-4
Let o(u) = -u**2 - 5*u - 2. Calculate o(-5).
-2
Let c(l) = -l**3 - 7*l**2 - 13*l - 37. Calculate c(-6).
5
Let g(h) = -2*h**3 + h**2 + 3*h - 9. What is g(3)?
-45
Let t(v) = -v**2 - 10*v - 31. Calculate t(-5).
-6
Let t(d) = -2*d**3 + 27*d**2 - 16*d + 33. What is t(13)?
-6
Let r(o) = -o**3 + 36*o**2 + 38*o - 15. Calculate r(37).
22
Let d(i) = 3*i - 91. What is d(29)?
-4
Let h(x) = -28*x - 31. Give h(-2).
25
Let j(k) = 3*